(b) = 2*b**2 - 25*b - 158. Give w(14).
-116
Let z(w) = 2*w**2 - 135*w - 42. Determine z(67).
-109
Let n(v) = 353*v - 1547. Calculate n(4).
-135
Let s(r) = -r**3 + 32*r**2 + 76*r - 36. Give s(34).
236
Let n(p) = 30*p**2 + 325*p + 992. Calculate n(-3).
287
Let f(r) = -123*r - 1753. Give f(-13).
-154
Let q(i) = -158*i - 1665. What is q(-10)?
-85
Let s(b) = -127*b - 22088. What is s(-174)?
10
Let u(l) = 34*l + 404. Calculate u(-10).
64
Let z(w) = 5*w**2 - 336*w + 2708. Give z(58).
40
Let k(f) = -40*f + 8838. Determine k(221).
-2
Let n(l) = l**3 + 65*l**2 - 192*l + 9. Determine n(-68).
-807
Let f(t) = -3*t**2 + 3*t - 21. Calculate f(-5).
-111
Let l(s) = s**3 - 25*s**2 - 3*s + 31. Calculate l(25).
-44
Let h(y) = y**3 + 3*y**2 - 147*y - 2. Determine h(11).
75
Let r(q) = 6*q**3 - 1499*q**2 - 258*q + 1985. Determine r(250).
-15
Let y(j) = j**3 - 18*j**2 - 21*j - 2. Calculate y(20).
378
Let d(k) = -k**3 - 25*k**2 - 115*k - 34. Give d(-19).
-15
Let t(y) = -2*y - 545. Give t(-40).
-465
Let c(q) = -6*q**2 + 255*q - 364. Determine c(41).
5
Let u(n) = 6*n**3 - 12*n**2 - n + 1. What is u(-1)?
-16
Let d(k) = -2*k**2 + 12*k - 8. What is d(0)?
-8
Let v(n) = -n**3 - 174*n**2 + 2638*n - 76. What is v(14)?
8
Let d(q) = -q**2 + 1814*q - 12626. Calculate d(7).
23
Let w(j) = -j**2 + 8*j + 99. Give w(-7).
-6
Let a(i) = 43*i - 6666. Calculate a(155).
-1
Let h(a) = 3*a + 69. Give h(-10).
39
Let y(g) = 25*g**2 + 128*g + 16. Calculate y(-5).
1
Let y(v) = 4*v**2 + 277*v - 2385. Give y(9).
432
Let o(p) = 8*p**2 - 10*p + 56. Determine o(4).
144
Let p(m) = -21*m + 1696. Determine p(82).
-26
Let x(s) = 10*s + 138. Give x(-26).
-122
Let d(c) = 24*c - 180. Give d(7).
-12
Let p(b) = -b**2 - 5*b + 246. Determine p(-19).
-20
Let b(w) = -2*w**3 + 72*w**2 - 610*w - 83. Give b(14).
1
Let b(l) = -2*l**2 + 12*l + 6. Give b(6).
6
Let l(c) = 708*c - 13449. What is l(19)?
3
Let d(m) = 3*m**3 + 16*m**2 + 15*m + 4. Calculate d(-3).
22
Let d(x) = x**2 + 184*x + 5124. Determine d(-37).
-315
Let d(f) = 140*f - 981. Determine d(7).
-1
Let h(m) = 137*m**2 - 823*m + 5. Give h(6).
-1
Let k(v) = 164*v + 1480. What is k(-9)?
4
Let d(y) = -49*y + 1102. What is d(23)?
-25
Let v(h) = h**2 - 9*h + 9. What is v(5)?
-11
Let m(t) = -58*t**3 + t + 2. What is m(1)?
-55
Let u(r) = r**3 - 32*r**2 - 30*r - 157. Determine u(33).
-58
Let z(v) = -242*v - 1406. Determine z(-6).
46
Let a(f) = -f**3 + 49*f**2 + 50*f - 29. Determine a(50).
-29
Let v(h) = -13495*h - 13501. Determine v(-1).
-6
Let f(i) = -i**3 + 10*i**2 + 20*i - 44. Determine f(8).
244
Let b(y) = y**3 - 5*y**2 - 105*y - 4. Calculate b(-8).
4
Let q(f) = -5*f**3 - f**2 + 236*f - 234. Calculate q(1).
-4
Let m(d) = -2*d - 77. Give m(-11).
-55
Let j(b) = -12*b + 30. Determine j(7).
-54
Let k(f) = 5*f**2 + 2*f - 5. What is k(5)?
130
Let f(j) = -423*j + 1732. Calculate f(4).
40
Let p(u) = -89*u**2 + 804*u - 31. What is p(9)?
-4
Let q(a) = 2*a**3 + 9*a**2 + 28*a + 67. Determine q(-3).
10
Let y(k) = -6*k**2 + 9*k + 17. Calculate y(-7).
-340
Let b(g) = -2*g**3 + 59*g**2 + 46*g - 406. Determine b(30).
74
Let l(r) = r**2 - 26*r + 28. Calculate l(25).
3
Let g(h) = -3*h**2 + 3*h + 63. Determine g(11).
-267
Let t(d) = -d**2 - 77*d - 1143. Give t(-61).
-167
Let t(i) = -i**2 - 34*i - 160. Give t(-32).
-96
Let d(v) = 114*v + 239. Calculate d(-3).
-103
Let z(s) = 570*s + 8531. Calculate z(-15).
-19
Let b(g) = -10*g - 1258. Calculate b(-99).
-268
Let n(i) = i**2 + 34*i + 269. Give n(-22).
5
Let f(x) = 1436*x + 8606. What is f(-6)?
-10
Let q(d) = -d**3 + 242*d**2 - 482*d + 511. Determine q(240).
31
Let p(g) = -g**3 - 51*g**2 - 298*g + 74. Calculate p(-44).
-366
Let a(z) = 613*z + 49019. Calculate a(-80).
-21
Let d(f) = 52*f + 54. What is d(-3)?
-102
Let b(g) = 6*g - 155. Give b(-31).
-341
Let y(s) = -s**3 + 19*s**2 + 120*s - 6. What is y(24)?
-6
Let z(u) = -2*u - 264. Give z(0).
-264
Let m(h) = -5*h - 29. Calculate m(-14).
41
Let x(v) = -18*v**3 + 104*v**2 + 10*v - 41. Calculate x(6).
-125
Let b(m) = -m**3 + 117*m**2 - 1162*m - 47. Determine b(11).
-3
Let p(y) = -y**3 + 2*y**2 - 3*y + 44. What is p(4)?
0
Let j(z) = 5*z**2 - 78*z - 148. Determine j(16).
-116
Let a(u) = 2*u**3 + 17*u**2 + 48*u + 19. Calculate a(-3).
-26
Let h(l) = 29*l + 144. What is h(-19)?
-407
Let s(f) = -13*f**2 - 130*f + 483. Determine s(3).
-24
Let k(n) = 392*n + 1077. What is k(-3)?
-99
Let b(m) = -m**2 - 2*m - 152. Give b(0).
-152
Let b(i) = -i**3 - 88*i + 278. Determine b(3).
-13
Let j(l) = -l**3 + 30*l**2 - 57*l + 4. Give j(28).
-24
Let z(l) = l**3 + 15*l**2 + 12*l - 31. What is z(-13)?
151
Let h(i) = 468*i - 37. Determine h(-1).
-505
Let t(x) = -6*x - 68. Calculate t(-20).
52
Let d(m) = 20*m**2 - 1328*m + 1330. Calculate d(1).
22
Let p(i) = 21*i**2 + 108*i + 3. What is p(-6)?
111
Let s(n) = -23*n**3 + 1636*n**2 - 212*n - 91. What is s(71)?
-20
Let w(y) = 41*y**2 + 187*y - 42. Calculate w(-5).
48
Let d(r) = 25*r + 1251. What is d(-50)?
1
Let g(o) = -4*o**3 - 35*o**2 + 41*o + 285. What is g(-9)?
-3
Let n(y) = -48*y - 236. Determine n(-6).
52
Let x(t) = 6*t - 34. What is x(8)?
14
Let l(o) = -154*o**3 + 29*o**2 - 25*o - 3. What is l(1)?
-153
Let r(n) = 213*n**2 + 2132*n + 14. Give r(-10).
-6
Let z(h) = 5*h**3 - 18*h - 6. Calculate z(4).
242
Let s(w) = 5*w**2 + 8*w - 10. Determine s(-8).
246
Let c(g) = g**3 - 18*g**2 + 80*g. What is c(10)?
0
Let s(a) = -a**3 + 7*a**2 - 15*a + 12. What is s(2)?
2
Let r(o) = 6*o**2 - 1529*o - 3351. Calculate r(257).
-10
Let v(n) = n**2 - 51*n + 247. Determine v(45).
-23
Let o(v) = 21*v**2 - 132*v - 4. Calculate o(3).
-211
Let z(o) = -o**3 - 4*o**2 + o - 12. Determine z(-5).
8
Let x(a) = 801*a**2 + 7211*a + 11. Determine x(-9).
-7
Let t(u) = 981*u - 9820. Determine t(10).
-10
Let x(b) = b**3 + 20*b**2 - 2*b - 672. Determine x(-18).
12
Let k(d) = -27*d**2 + 406*d - 2. Calculate k(15).
13
Let z(h) = -116*h - 14336. Give z(-124).
48
Let r(g) = 2*g**3 + 6*g**2 - 10*g - 2. Calculate r(-4).
6
Let s(y) = 27*y - 409. What is s(28)?
347
Let z(s) = -s**3 - 15*s**2 - 5*s + 9. Calculate z(-8).
-399
Let b(g) = -g**2 + 45*g - 342. Calculate b(19).
152
Let f(d) = 55*d - 1855. Determine f(35).
70
Let y(j) = -19409*j - 19431. What is y(-1)?
-22
Let f(w) = 29*w**3 + w**2 - 5*w + 2. Calculate f(2).
228
Let p(b) = 63*b - 752. Calculate p(12).
4
Let l(b) = b**2 - 1738*b - 10467. Calculate l(-6).
-3
Let a(c) = 16*c**2 + 10*c - 20. Give a(3).
154
Let s(b) = b**2 - 50*b - 1588. Give s(-22).
-4
Let z(h) = -h**2 + 621*h + 1876. Calculate z(-3).
4
Let d(i) = -9*i**3 + 2*i**2 + 612*i - 613. Determine d(1).
-8
Let c(a) = a**3 - 62*a**2 - 36*a - 1743. Calculate c(63).
-42
Let y(i) = 92*i + 1835. What is y(-20)?
-5
Let a(h) = -12*h**2 - 23*h - 3. What is a(-5)?
-188
Let a(n) = -15*n**2 - 143*n - 79. Calculate a(-10).
-149
Let q(g) = g**3 + 13*g**2 + 28*g - 19. Calculate q(-9).
53
Let i(x) = 512*x - 9707. Give i(19).
21
Let h(c) = -226*c - 1350. What is h(-6)?
6
Let c(o) = o**3 + 41*o**2 + 330*o - 14. What is c(-11)?
-14
Let t(q) = -162*q + 54. Give t(2).
-270
Let l(v) = -4384*v - 35076. Determine l(-8).
-4
Let l(v) = -2*v**2 + 37*v - 172. Determine l(11).
-7
Let w(g) = 1653*g - 128932. Give w(78).
2
Let k(w) = 49*w + 18. Determine k(-8).
-374
Let k(x) = 62*x**2 - 118*x + 6. Calculate k(2).
18
Let u(z) = -5*z**2 - 2487*z + 9013. Calculate u(-501).
-5
Let d(h) = 2*h**3 + 285*h**2 + 969*h - 563. Determine d(-139).
-7
Let a(n) = 16*n**3 + 2*n - 2. Determine a(2).
130
Let o(z) = 8*z**2 + 369*z + 2215. Give o(-6).
289
Let g(l) = -2*l**3 - 27*l**2 - 12*l + 10. What is g(-13)?
-3
Let i(a) = 7*a**2 + 38*a + 2. Calculate i(-5).
-13
Let o(f) = -47*f - 1831. Calculate o(-39).
2
Let c(b) = -b**2 - 23*b + 409. What is c(-35)?
-11
Let v(c) = -300*c + 50402. Give v(168).
2
Let y(v) = -v**2 + 30*v - 136. Give y(13).
85
Let m(l) = 120*l + 2987. Calculate m(-25).
-13
Let h(p) = -119*p + 15693. Give h(132).
-15
Let u(d) = 37*d - 2784. Determine u(74).
-46
Let v(c) = -660*c + 11. Give v(1).
-649
Let b(h) = 65*h - 36. What is b(-3)?
-231
Let d(k) = -51*k + 1390. Calculate d(27).
13
Let u(w) = -w**2 + 2*w + 392. Give u(20).
32
Let x(b) = 7*b**3 + 46*b**2 - 522*b - 10. What is x(6)?
26
Let b(j) = j**3 + 11*j**2 + 78*j - 348. Give b(3).
12
Let d(h) = -716*h - 65867. Give d(-92).
5
Let b(i) = -2*i**3 + 43*i**2 + 85*i - 393. C